= -0*f - 114. What is the tens digit of f?
0
Suppose 7*m - 3752 = 106855. What is the units digit of m?
1
What is the ten thousands digit of 15/(-10) - (-38623)/2?
1
Let t(z) = 5*z + 29. Let y be t(-4). Suppose -4*s + 3*s = m + 3, -2*s - y = 3*m. What is the tens digit of (1 + s)/((-21)/(-1281))?
6
Let s(v) = 3*v + 3. Let q be s(9). Let u = 32 - q. What is the units digit of 411/u - (-1)/2?
6
Suppose z - 15456 = -5*o, -2*z - o = -3*z + 15444. What is the thousands digit of z?
5
Let b(w) = 500*w**2 - 5*w - 1. Let z = -288 - -287. What is the units digit of b(z)?
4
Let p(x) = 6*x + 164. Let w be p(-27). Suppose w*o - 987 - 571 = 0. What is the units digit of o?
9
Let p be 221/(-3) + (20/6)/(-10). Suppose j + 3 = -2, 5*q = -4*j + 520. Let k = q + p. What is the units digit of k?
4
What is the tens digit of (-1317)/(-2) + (-291)/194?
5
Let o(v) = 6*v**3 - 2*v**2 - 11*v + 22. Let d(x) = -19*x**3 + 7*x**2 + 34*x - 65. Let s(k) = -2*d(k) - 7*o(k). What is the tens digit of s(-6)?
8
Let l be ((1 - 0) + -2 + 0)*-5. Suppose l*y = 9*y - 184. What is the tens digit of y?
4
Let u(c) = 236*c - 1102. What is the hundreds digit of u(67)?
7
Suppose -3*f - 4 = -7*f. Let j(c) = -23 + 17 + 46*c**2 + 9*c**2 - 2*c + 8. What is the units digit of j(f)?
5
Let g be 358/10 - (-14)/70. Let w be (-2586)/g + 2/(-12). Let j = -27 - w. What is the units digit of j?
5
Let h(n) = 9*n + 3726. What is the thousands digit of h(-99)?
2
Suppose 3*u + 166 = 2*u - w, 0 = -5*w + 25. Let c = u + 374. What is the tens digit of c?
0
Let g(i) = -43*i**3 + 23*i**2 - 14*i + 5. What is the units digit of g(-6)?
5
Let j(f) = -2*f**3 - f**2 + 20*f + 83. Suppose -p = 9 - 1. What is the hundreds digit of j(p)?
8
Let u(g) = g**3 + g**2 - 2. Let k be u(2). Let j = 14 - k. Suppose 3*a - 6 = 0, 188 = 4*i - j*a - 0*a. What is the tens digit of i?
4
Suppose -8*a = -4*a - 12. Suppose 0*o + a*o = 2241. What is the hundreds digit of o?
7
Suppose -86 + 1 = -5*p - 3*d, -4*p - d = -75. Let n = 244 + -231. Let o = n + p. What is the tens digit of o?
3
Suppose 2*j + 5*b = 4, -j - 14 = -4*b + 10. What is the hundreds digit of 244510/175 - j/10?
3
Suppose 19*w = 13*w + 2526. Let r = -196 + w. Suppose 7*u - 5*o - 249 = 6*u, -u + r = 3*o. What is the tens digit of u?
3
Suppose 0 = 3*u + u - 20. Let l(d) = u*d**2 - d**2 + 183 - 183 - d. What is the tens digit of l(-2)?
1
Let p be (9 - -1)/2*(32 + -31). Suppose 3*j - 131 = -6*w + p*w, 2*j = 6. What is the units digit of w?
2
Let p = 172 - 263. Let w = p + 659. What is the units digit of w?
8
Let v(c) = c**2 - 3*c + 165. Let f(l) = -8*l - 8 - 6*l - l**2 + 8*l. Let m be f(-4). What is the tens digit of v(m)?
6
Let z(k) = 937*k - 221. What is the tens digit of z(1)?
1
What is the units digit of (3689/(-93) + 7)*(-1302)/4?
3
Let f be (-5*(-4)/40)/((-3)/(-6)). Let a be (-2)/(((-2 + f)/4)/47). Let o = a + -251. What is the units digit of o?
5
Let i = 90 - 10. Let f = 86 - i. Suppose -2*u - l = -f*u + 223, u + 5*l = 40. What is the units digit of u?
5
Suppose -d = 3*d - 11*d. Let i be (d + 2)*2214/12. Suppose 5*w - 496 = i. What is the tens digit of w?
7
Let d be (15 + -24)*2/(-3). Suppose 2*k + 5*k - d*k = 0. Suppose k = -5*s + 6*s - 22. What is the tens digit of s?
2
Suppose -z - 7*z = -176. Suppose -5*b - z + 922 = 0. Suppose -3*g = -5*v + 226 + 246, -b = -2*v - g. What is the units digit of v?
2
Suppose 3*i = 5*w + 728, -2*w - 2*i = 150 + 154. Let m(a) = -2*a**2 + a - 11. Let g be m(-6). Let b = g - w. What is the units digit of b?
9
Suppose -780*o + 756*o = -87888. What is the hundreds digit of o?
6
Suppose -14*a + 26146 = -1966. Suppose 4008 + a = 16*k. What is the hundreds digit of k?
3
Let n = -2646 - -6491. What is the thousands digit of n?
3
Let y = 15 + -9. Suppose 5*c - 14 = y. Suppose 5*h - 127 = -c*u, -2*u - 3*h + 93 = u. What is the units digit of u?
8
Let m(w) = -6*w + 30. Let j be m(2). Let b(n) = -n**3 + 4*n**2 + 3*n. Let g be b(-2). Let p = j + g. What is the tens digit of p?
3
Let l(d) = 339*d**2 - d + 1. Suppose 2*p - 2 = -3*r - 3, -2*p - 4 = 0. What is the tens digit of l(r)?
3
Let b(o) = -3*o + 8*o + 2*o - o + 38. Let f be b(-8). What is the units digit of (-9)/15 + ((-1806)/f - 0)?
0
Let d(o) = -98*o - 37. Let m be d(-4). Suppose -4*t = -a - 135 + m, -5*a = 5*t - 1075. What is the units digit of a?
6
Let j be (78/8)/(-10 - (-498)/48). Suppose -4*l - j = -y, -2*y - l = -0*y - 79. What is the tens digit of y?
3
Suppose -7*a + 10*a = 5*z - 1635, z = 2*a + 327. Let t be -2 - (-13)/(39/18). Suppose -5*q + t*b + 519 = 2*b, 3*q - z = -4*b. What is the units digit of q?
5
Suppose 0*n + 5*t + 15 = -n, t + 3 = -5*n. Suppose n = -42*d + 44*d - 18. Suppose -3*x = 4*j - 19, 0 = -0*j + 4*j + x - d. What is the units digit of j?
1
Let x(l) = 2*l**3 + 11*l**2 + 2*l - 11. Let i be x(-5). Suppose 3*j - i*b - 1743 = 0, -5*j - 617 + 3522 = -4*b. What is the hundreds digit of j?
5
Suppose -8*a + 27412 = 3*f, -2*a = 581*f - 584*f + 27392. What is the tens digit of f?
3
Let s(j) = -6*j**2 - 109*j - 27. Let i(q) = -16*q**2 - 328*q - 82. Let r(w) = 3*i(w) - 10*s(w). What is the units digit of r(-15)?
4
Let a = 44 - 41. Suppose -2*w = -a*w. Suppose 0 = 2*b - z - 60, 3*b + 3*z - 108 = -w*b. What is the tens digit of b?
3
Suppose 149*l - 402280 = 125*l + 227456. What is the tens digit of l?
3
Suppose 56*w - 5670420 = -103*w + 19*w. What is the units digit of w?
3
Suppose -y + 1300 = -21*y. What is the units digit of (-16)/20 + (-31122)/y?
8
Suppose -381 = -2*t - 10237. What is the tens digit of t/(-8) - (5 - 4)?
1
Suppose 70882 - 237750 = -26*y. What is the units digit of y?
8
Let n(l) = l**3 + 28*l**2 - 29*l - 5. Let z be n(-28). What is the tens digit of 15/3 + -1 + z + 3?
1
Suppose 8 = x + 1. Suppose -x*m + 8*m - 197 = 3*s, 4*m = 5*s + 326. Let b = s - -90. What is the tens digit of b?
2
Suppose 2*i = 15 + 1. Let c(n) = -n**2 + 12*n - 9. Let v be c(i). Let q = v - 15. What is the units digit of q?
8
Suppose -21494 = -5*f + 3*b, 71*b = -7*f + 75*b + 30090. What is the thousands digit of f?
4
Suppose 0 = -3549*n + 3563*n - 187964. What is the thousands digit of n?
3
Let b(u) = u**3 - 7*u**2 - 16*u - 15. Let d be b(9). Suppose d*l = 4*l - 101. Let y = 123 - l. What is the tens digit of y?
2
Suppose 10*k - 12*k + 508 = 0. Suppose 20 + k = -2*n. Let s = n + 382. What is the tens digit of s?
4
Suppose 0*j + 5*m - 25 = -3*j, 0 = -4*m + 8. Let q be (-3)/(-2)*((-5)/1 - 51). What is the units digit of (j/3)/((-14)/21)*q?
0
Suppose 0 = -4*h + 3*t + 3249, 20*t = h + 18*t - 816. Suppose -20*o + 3270 = h. What is the units digit of o?
3
Let l(f) = -10*f**2 - 7*f + 33. Let t(q) = q**2 + 2*q - 2. Let n(j) = -l(j) - 2*t(j). What is the units digit of n(13)?
2
Let u(s) = -425*s - 10882. What is the units digit of u(-106)?
8
Let f be 6/(24/8604*6/4). Suppose -3*g + d = 2*g - f, 2*g = -5*d + 552. What is the hundreds digit of g?
2
Let c = -7 - -13. Let a be (2/c)/(3/45). Suppose t = a*w - 278, 2*w + 6*t = 2*t + 120. What is the tens digit of w?
5
Let a(s) = -5891*s**2 - s. Let z be a(1). Let h be (5236/231)/(1/(-9)). What is the tens digit of z/h + (-2)/(-17)?
2
Let c(x) = 4192*x + 1101. What is the thousands digit of c(4)?
7
Suppose -p - 184 = -49. Let v = p - -40. Let h = -48 - v. What is the tens digit of h?
4
Let f = -8025 + 68725. What is the tens digit of f?
0
Let t(b) = 18*b**3 - 8*b**2 + 11*b - 7. Suppose -28 + 20 = -2*q. What is the units digit of t(q)?
1
Let r(j) = -57*j + 67. Suppose -23 = 2*x - 15. Let w(s) = 29*s - 34. Let b(g) = x*r(g) - 9*w(g). What is the units digit of b(-6)?
6
Suppose l + 22*d - 4533 = 14*d, 4527 = l + 5*d. What is the tens digit of l?
1
Let n(f) = 10*f**2 + 19*f - 16. Let s = 728 - 738. What is the hundreds digit of n(s)?
7
Suppose 11*w = -3*p + 8*w + 3861, -3*p = 4*w - 3859. Suppose p = 2*t + 517. What is the hundreds digit of t?
3
Let r = -6063 - -12090. What is the tens digit of r?
2
Let m(d) = 16*d**2 - 2*d - 15. Suppose -15 = 70*k - 73*k. What is the hundreds digit of m(k)?
3
Let a be 9/6 + -5 + 246/12. Suppose 2722 = -a*m + 19*m + 4*l, 0 = 3*l + 9. What is the units digit of m?
7
Suppose 0 = -74*k + 70*k + 20. Suppose -5*a = k*u - 130, 0 = -u - 2*a + 2 + 20. What is the units digit of (-33 + -1)*(-15)/u?
7
Suppose -61 = 4*s + w, 3*s + 18*w = 15*